Suppose 26*h + 2*h - 518 - 126 = 0. Calculate the remainder when 3 - (2 - 1) - -26 is divided by h.
5
Let b(i) = 2*i**3 + i**2 - 1. Let v be b(1). Let c = -4 - -2. What is the remainder when 7 is divided by c/v*(-2 + -3)?
2
Let s = -746 + 1191. What is the remainder when s is divided by 10?
5
Suppose 20*z + 210 = 3570. What is the remainder when z is divided by 17?
15
Suppose 5*d = 13*d - 128. Suppose 2*l - 5*o - d = 0, 3*o + 5 + 1 = 0. Calculate the remainder when l is divided by (-1)/4 - 10/(-8).
0
Let v be (-2)/10 + (-1408)/(-40). Suppose 5*c + 2*c = v. What is the remainder when 55 is divided by (-15)/(-6)*28/c?
13
Suppose 2*r - 44 = -2*r. Let x(j) = -j**2 + 5*j - 11. Let c be x(0). Let g(q) = -2*q**2 - 28*q - 23. Calculate the remainder when g(c) is divided by r.
10
Let j(b) be the first derivative of -6 + 6 + 11 - 2*b + b**2. Calculate the remainder when 29 is divided by j(4).
5
Let t(i) = i**3 - i**2. Suppose -4*a + 5 = -4*l + l, 4*a = -5*l + 13. Let s be t(a). Let o = -1 + s. What is the remainder when 11 is divided by o?
2
Suppose 7*s + 3*p - 57 = 4*s, 2*s - 23 = p. What is the remainder when 50 is divided by s?
8
Suppose 0 = -3*r + 8*r - 10. Suppose r*k = 19 + 9. Let p(y) = -y**3 - 2*y**2 + 3*y + 6. What is the remainder when p(-4) is divided by k?
12
Suppose 0 = d - 5*o - 14, 6*d - 74 = 2*d + 2*o. What is the remainder when 31 is divided by d?
12
Suppose 0 = 8*k - 136 - 24. Suppose u - k = 13. What is the remainder when 60 is divided by u?
27
What is the remainder when 295 is divided by 38/(-30)*-7 + (-40)/(-300)?
7
Let h(a) = 30*a**2 - 46*a + 212. Calculate the remainder when h(4) is divided by 128.
124
Suppose -578 = -2*y + 4*a - 124, 4*a + 673 = 3*y. Calculate the remainder when y is divided by 55.
54
Let j(v) = -v**2 + 16*v + 26. Let w be j(17). Calculate the remainder when w/45 - (-109)/5 is divided by 5.
2
Let d = -9 - -32. Suppose -4*c + 3*b = -469, -525 = -4*c - 5*b - 112. Calculate the remainder when c is divided by d.
20
Suppose -40 = -2*v - 4*n, -4*v + 0*n + 60 = 4*n. Suppose v*u - 259 + 99 = 0. What is the remainder when u is divided by 7?
2
Suppose -y + 48 = 3*y. What is the remainder when 13 is divided by (16 - 1)/(-5) + y?
4
Let n(m) be the second derivative of -m**5/20 - 2*m**4/3 + 3*m**3/2 + 4*m**2 - 5*m. What is the remainder when 15/(-3)*126/(-30) is divided by n(-9)?
5
Let n = 2980 - 2944. Suppose 4*x - 201 = x. What is the remainder when x is divided by n?
31
Let a = 32 + -22. What is the remainder when 23 is divided by (17 - -1)/(15/a)?
11
Let j be (-9 + 16)/(2 + -1). Suppose 2*b = j*b - 95. What is the remainder when 33 is divided by b?
14
Suppose u = 5, -f - 2*f = u - 29. Let y = 59 + -38. Calculate the remainder when y is divided by f.
5
Suppose -50*l = -31*l - 1159. What is the remainder when 1279 is divided by l?
59
Suppose 4*d = 4*n - 56, 2*d - 16 = -n + 4*d. Suppose 4*c - c - 39 = 0. Suppose 14*v = c*v + n. What is the remainder when 47 is divided by v?
11
Let o(k) = -28*k - 128. What is the remainder when o(-12) is divided by 53?
49
Let c(j) = -j**2 - 8*j - 5. Let h be c(-6). Suppose 5*t + h*r = 2*r - 15, 5*r = 5*t + 25. Calculate the remainder when 4/(t/(-73)) - 1 is divided by 25.
22
Let n = 4 + -2. Suppose i - 3*f - 20 = f, 5*f = n*i - 34. What is the remainder when 47 is divided by -5*i/15*-3?
11
Suppose -3*j = -2*c - 67, -5*c = -j + 3*j - 70. Let a(q) = 5*q**2 + 2*q - 4. What is the remainder when -2 + j + (-3 - -3) is divided by a(-2)?
11
Let z = -11 + 16. Let v be -2 + (z - 3) + 4. Suppose t - 5 = -4, -4*t = v*x - 20. Calculate the remainder when 17 is divided by x.
1
Let n(d) = -d**2 + 6*d - 4. Let w be n(3). Suppose -40 = -4*i - z - z, w*z = i - 21. Let u = i + -5. Calculate the remainder when u is divided by 4.
2
Suppose -3*u + 12 = 3*u. Suppose 3*j - 7 = 2*h, 4*h + 2 + 0 = u*j. Suppose -j*d = d - 16. Calculate the remainder when 19 is divided by d.
3
Let k be 4/12 + 8/3. Suppose -2*p = -k*h + 16, h + 2*p - 8 = -2*h. Suppose b + h - 19 = 0. What is the remainder when 29 is divided by b?
14
Let r = -41 + 48. Calculate the remainder when 11/(55/100) - -4 is divided by r.
3
Let n = 3030 + -2983. Let b(v) be the second derivative of -11*v**5/20 - v**2/2 + 2*v. Calculate the remainder when n is divided by b(-1).
7
Suppose 2*q + 4*u - 8 = 0, 0 = q - 5*q - 5*u + 16. What is the remainder when 11/((-33)/(-84)) + q is divided by 12?
8
Let l = 316 - 265. Calculate the remainder when 52 is divided by l.
1
Calculate the remainder when 202 is divided by (-10)/35 + (1032/(-21))/(-4).
10
Suppose 0 = -725*j + 720*j + 310. What is the remainder when 246 is divided by j?
60
Let r be (-4)/18 + (-1 - 4677/(-27)). Suppose -r = 9*n - 13*n. Calculate the remainder when 214 is divided by n.
42
Let w(u) = 10*u - 262. Calculate the remainder when 91 is divided by w(27).
3
Let n be 3/1 + 6*4/24. Suppose -n*g + 72 = i, 4*g + 0*i = 3*i + 56. Calculate the remainder when 50 is divided by g.
16
Let l be 3 + 0 + 16 - 0. Let u = l + -14. Suppose -6*i + 21 = -u*i. What is the remainder when i is divided by 8?
5
Suppose i = 3*o + 2*i + 5, 2*o + 3*i = -15. Calculate the remainder when (o + (-11)/2)*-4 is divided by 4.
2
Suppose 0 = 13*h + 315 - 900. Calculate the remainder when h is divided by 8.
5
Let u = 937 - 927. Calculate the remainder when 179 is divided by u.
9
Calculate the remainder when 17 is divided by ((160/(-12))/8)/((-10)/18).
2
Suppose 6*f = 3*f + 5*z + 184, 0 = -5*z + 5. Let g = -4 + 4. Suppose 3*y - 80 + 14 = g. Calculate the remainder when f is divided by y.
19
Suppose -1 - 1 = -s. Calculate the remainder when ((-23)/s - -1)/((-4)/8) is divided by 13.
8
Suppose 7*x + 14*x - 525 = 0. Let j(z) = 5*z + 5. Let n be j(7). Let a = n - x. What is the remainder when 43 is divided by a?
13
Let q(x) = -x**2 - 34*x - 2. Calculate the remainder when q(-10) is divided by 48.
46
Let i(h) = 5*h + 2. Let t be i(5). Suppose -2*m + 45 = 5*b, -4*m = -2*b + 6*b - 48. Calculate the remainder when b is divided by 27/6*12/t.
1
Calculate the remainder when 699 is divided by 16 + -12 + 9 + 5.
15
Let i(l) be the second derivative of 0 + 2*l + 2/3*l**3 - 7/2*l**2. What is the remainder when 17 is divided by i(3)?
2
Calculate the remainder when 457 is divided by ((-296)/(-20) + -14)/((-4)/(-330)).
61
Suppose 8 = 4*f - 8. Let w(b) = 19*b + 11. Let h(v) = 9*v + 5. Let o(q) = 7*h(q) - 3*w(q). Calculate the remainder when o(f) is divided by 14.
12
Suppose 0 = -4*b + 595 - 3. Suppose 4*a = -3*h + 155, 4*a = 4*h - 0*h + b. Let o = -23 + a. What is the remainder when 27 is divided by o?
12
Let r be 1/((3*(-2)/54)/3). Let h(y) = 2*y + 2. Let s be h(-3). Let g = s - r. What is the remainder when 67 is divided by g?
21
Let n(c) = 5*c - 1. Let d = -11 + 6. Let a be n(d). Let b = a - -53. What is the remainder when 79 is divided by b?
25
Let y(p) = p**3 + 17*p**2 - 5*p - 18. Suppose 5*j + 105 = -5*n, -5*j - 33 = -2*n + 44. Calculate the remainder when y(j) is divided by 21.
4
Suppose 3*j + 2 = 4*j. Let l(z) = z**2 - z + 26. What is the remainder when l(5) is divided by ((-2)/(-3))/(j/36)?
10
Let n = 667 + -358. Calculate the remainder when n is divided by 39.
36
Suppose -2*j = -7*j + b + 44, 24 = 2*j - 2*b. Suppose 4*l - 41 = -9. What is the remainder when j is divided by l?
0
Suppose 0 = 2*i - 5*c + 3*c - 6, 2*i + 2*c = -6. Suppose i = -3*x - 11 - 1. Calculate the remainder when -1*(128/x - 0) is divided by 17.
15
Let a be (-8)/(-6)*4026/44. Let n = -105 + a. Calculate the remainder when n is divided by 11.
6
Let l = 258 - 209. Calculate the remainder when l is divided by 9/2*2 - -1.
9
Suppose 2*f = -n + 1848 - 236, -4031 = -5*f - 2*n. Calculate the remainder when f is divided by 10.
7
Let r(g) = 34*g**2 + 37*g - 78. What is the remainder when r(2) is divided by 45?
42
Let z(w) = w + 13. Let q be z(-14). Let r(o) = o + 3. Let d(j) = j**2 + 4*j + 4. What is the remainder when d(-4) is divided by r(q)?
0
Let z(i) = 6*i**2 + i + 6. Let d be z(-6). Suppose -51 + d = 3*q. Suppose -4 = -4*h, -h = 5*x + 3*h - 99. What is the remainder when q is divided by x?
17
Let v = -19 - -17. Calculate the remainder when 25 is divided by (-1*8 + v)/((-10)/15).
10
Let l(j) = -2*j + 67. What is the remainder when l(15) is divided by ((-38)/6)/(1/(-3))?
18
Suppose 4*